 = 5*d. What is the greatest common factor of d and 12?
12
Suppose 5*o = -5*h + 375, -3*h - 4*o + 104 + 118 = 0. What is the greatest common divisor of h and 195?
39
Suppose -2*k - 576 = -6*k. Suppose 72 = 17*s - 13*s. What is the highest common divisor of k and s?
18
Suppose -10*o + 112 = -2*o. Let u be o*(1 + (-4 - -7)). What is the highest common divisor of u and 7?
7
Let x = 953 - 635. What is the highest common factor of x and 106?
106
Let t(h) = -h**2 - 11 - 10 - 6*h - 9*h - 2. Let r be t(-13). Calculate the greatest common divisor of 3 and r.
3
Suppose -7*n - 22 = -8*n + g, -4*n + 48 = 4*g. Let l be (6/10)/(3/765). Calculate the highest common divisor of n and l.
17
Suppose -b + 8 = 5*y, 3*b = 3*y - 0*y + 6. Calculate the highest common factor of 87 and y.
1
Let r(l) = 7*l + 3. Suppose 6*d - d = -3*y - 5, 4*y = -3*d + 8. Let m be r(d). Let c = m - -34. Calculate the highest common factor of 9 and c.
9
Let o = 550 + -310. Let k be 2/(-10) - 1510/(-50). What is the highest common divisor of o and k?
30
Let a(f) = 2*f - 6. Let q be a(8). Suppose -12*g + 84 = -12. Suppose g*j = 223 + 17. What is the highest common divisor of q and j?
10
Suppose -4*v + 102 = 1710. Let c = v - -600. Calculate the greatest common factor of 18 and c.
18
Let z = -451 + 472. Calculate the highest common factor of z and 105.
21
Suppose n - 2*a = -n + 418, 4*n + 2*a = 830. What is the highest common divisor of n and 78?
26
Let i = -16 + 31. Let h = -193 - -238. Calculate the highest common divisor of i and h.
15
Let d(q) = q**3 + 16*q**2 - 18*q + 19. Let u be d(-17). Suppose u = -f + 4*f. What is the greatest common divisor of 24 and f?
12
Let h(p) = 9*p**2 - 12*p - 15. Let d be h(-2). Calculate the highest common divisor of d and 10.
5
Let u = -12 - -10. Let b be -68 - u*(-2)/(-4). Let y = 65 - b. What is the highest common divisor of 12 and y?
12
Let d be 127/2 + (-1)/2. Let n be (-10)/(-35) - 10/(-14). Suppose 2*j + 20 = -3*j, 0 = -g - 2*j + n. What is the greatest common factor of g and d?
9
Let r = 1021 - 860. What is the highest common factor of 23 and r?
23
Let b be (18/(-12))/((-3)/2). Let j be (5 - 4)/(b/2). Suppose -o - 4*m = 4*o - 79, j*m = 2*o - 28. What is the highest common factor of o and 3?
3
Suppose -4*q = 2*o - 32, 0*o = 3*o - 4*q - 68. Let r = -8149 + 8153. Calculate the highest common factor of r and o.
4
Suppose 0 = 4*n - n + 21. Let o(h) be the first derivative of -h**3/3 - 13*h**2/2 + 6*h + 80. Let i be o(n). Calculate the greatest common factor of 6 and i.
6
Suppose t - 6*t = 15. Let g be (18/4 + t)*-2. Let d be 1*(-21)/g*2. What is the highest common divisor of d and 70?
14
Let b = -281 - -427. Calculate the greatest common factor of 511 and b.
73
Let k be (8/(-14))/(10/(-35)). Let m = k - -10. What is the highest common divisor of 24 and m?
12
Suppose 0 = -2*v + 10, -11*v - 879 = -4*l - 14*v. What is the greatest common divisor of 8 and l?
8
Suppose -2*g - 5*f = -7*g + 210, -210 = -5*g + f. What is the highest common divisor of g and 30?
6
Let n = 3 - -2. Suppose h - n*a - 13 = 0, -3*a - 13 = 4*h - 42. Let g(z) = 160*z - 628. Let m be g(4). What is the greatest common factor of h and m?
4
Suppose -2*c + 4*n - 2 - 36 = 0, 57 = -3*c - 2*n. Let j = 1 + c. Let f = -14 - j. What is the greatest common divisor of f and 16?
4
Suppose u + 3*u = 72. Let x = 248 + -245. Suppose 0 = -a - 0*j - x*j + u, 4*j = -8. What is the highest common factor of 16 and a?
8
Suppose 2836 = 9*b - 7937. What is the greatest common factor of b and 19?
19
Let s = -1 - -1. Suppose s*m + 91 = m. Let b(w) = 67*w + 750. Let y be b(-11). What is the highest common factor of m and y?
13
Let b = 4 - 0. Suppose 3*o - 2*n - 176 = 0, 180 = 3*o + n - b*n. Let t = 82 - o. What is the greatest common divisor of 52 and t?
26
Let c = -5 - -13. Let i(r) = r + 3. Let n be i(-3). Suppose -j + 4 + 28 = n. What is the highest common divisor of j and c?
8
Let b be 48 + 0 + 2/1. Let v(p) = -p + 73. Let m be v(48). Calculate the highest common factor of m and b.
25
Let l be (-4)/(-22) - 696*(-45)/165. Calculate the highest common divisor of 304 and l.
38
Let k = -837 - -866. Calculate the highest common divisor of k and 29.
29
Suppose -4*f + 773 = -859. What is the highest common divisor of f and 102?
102
Let p = 6 + -1. Let b(t) = t + 12. Let y be b(-13). Let o = y - -11. What is the highest common factor of p and o?
5
Suppose 0 = -l + 4*o + 4, -2 = 4*l + o - 35. What is the highest common factor of 88 and l?
8
Suppose 0 = 2*n, -808 = -2*y - n + 272. What is the greatest common divisor of 60 and y?
60
Let h(x) = 2*x**3 + x - 5. Let q be h(2). Let m(c) = 38*c + 3. Let t be m(3). Calculate the greatest common factor of t and q.
13
Suppose 2*q - 4*i - 812 = 0, 5*q - 2090 = 17*i - 22*i. Calculate the greatest common divisor of 230 and q.
46
Let y be -4*1/(-4)*2*7. Calculate the greatest common divisor of 56 and y.
14
Let m be -1 - (-262 - -3 - -2 - 3). Calculate the greatest common divisor of 74 and m.
37
Suppose 6*x - 5 = 127. Let b(d) = 2*d**2 + 15*d + 25. Let k be b(-8). What is the greatest common divisor of x and k?
11
Let j = -275 + 506. Suppose 0 = -5*t + j + 44. What is the greatest common divisor of 22 and t?
11
Let q be ((-15)/(-2))/(3/4). Let y be (-12)/q*(3 - 93/6). Calculate the highest common divisor of 3 and y.
3
Let h be ((-10)/4)/(838/(-76) + 11). Calculate the highest common divisor of h and 76.
19
Suppose -3*k + 260 + 253 = 3*z, z - 347 = -2*k. Suppose 0 = -2*r + 3*l + 96, -4*r + k = l - 3*l. What is the greatest common divisor of 63 and r?
21
Let h = 209 - -85. Suppose -5*m = -2*m + 498. Let b = h + m. Calculate the highest common divisor of b and 16.
16
Let n be (-33)/22*8/(-3). Suppose 5*t + 36 = 2*h, n*h - 4*t - 108 = -3*t. Suppose 0 = 2*p - 35 - 49. What is the highest common factor of p and h?
14
Let p be (672/(-105))/((-2)/25). Calculate the greatest common factor of 10 and p.
10
Suppose -2*r + 156 = -5*r. Let u be (r/1)/((-1)/2). Let c be 1*(3 - 13) + 23. Calculate the greatest common factor of c and u.
13
Let g = -574 - -602. Calculate the highest common factor of 28 and g.
28
Suppose 6*u - 53 = 31. Suppose 2*k = u + 6. What is the highest common divisor of k and 10?
10
Suppose 0 = 3*p - 3*y - 18, -3*p + 0*y + 17 = -2*y. Suppose 0 = p*t - 1564 + 324. What is the highest common divisor of t and 31?
31
Suppose -20 = 4*f + 4*k, -22 - 3 = 5*k. Let h be f/((-3)/9*3). Suppose h = -m - 2*t + 8, -4*m + 0*t + 4*t = 4. Calculate the highest common divisor of 16 and m.
2
Suppose 5*n = 3*l - 16 + 3, 5 = 5*l. Let k be (-186)/(-10) + n/(-5). Let u = 375 - 299. What is the highest common factor of u and k?
19
Let h be (-3 - -2)/((-6)/312). Calculate the highest common divisor of 13 and h.
13
Let m = 578 - 552. Calculate the greatest common factor of m and 494.
26
Suppose -6 + 26 = 2*z. Suppose 2*c - z = -3*c. Suppose -3*q - 12 = -60. What is the highest common factor of q and c?
2
Suppose 3*p = -g + 2, 3 = 5*p - 0*p + 2*g. Let z be p*2 - 56/(-24)*3. What is the greatest common divisor of 144 and z?
9
Suppose 0 = -s - 2*s + 42. Let h(i) = i**2 - 11*i - 32. Let a be h(s). Let n = 11 - 6. What is the greatest common divisor of a and n?
5
Suppose -4 = -2*f - n - 3*n, 5*f - n = 10. Let p = 97 + -37. Suppose f*t + t = p. What is the greatest common divisor of t and 5?
5
Suppose -9*s = -14*s + 30. Let r = 61 - s. What is the highest common divisor of 22 and r?
11
Suppose -5*m - 4*y - 10 - 27 = 0, 3*m - 5*y = -37. Let q be m/9*1/(-1). What is the greatest common divisor of q and 1?
1
Suppose -60*c + 59*c + 29 = 0. Calculate the highest common factor of c and 928.
29
Let r be (10/(-4))/(2/(-20)). Suppose -3*c + 7*c - 120 = 0. Let i = c - 20. What is the greatest common factor of r and i?
5
Let n = 782 - 772. Calculate the highest common factor of n and 90.
10
Let h = 585 + -299. Let r be 14/63 + (1 - h/(-9)). What is the highest common factor of 165 and r?
33
Suppose -5*g = 2*v - 92, 10*v - 216 = 6*v - 2*g. Calculate the greatest common factor of 1624 and v.
56
Suppose 0 = -2*m + 4*m - 4. Suppose -4*j = 3*a - 363, -13 = m*j + 3*a - 196. Let b = j + -13. Calculate the highest common divisor of 11 and b.
11
Let b be ((-1)/4 + 1448/(-96))*-18. Calculate the greatest common divisor of 184 